-12). Suppose -56 = f - 6*f - 2*o, 0 = 3*f - b*o - 42. What is the greatest common divisor of 3 and f?
3
Let y = -19 - -77. Suppose 172*c - 173*c = -y. Let r = -36 + c. Calculate the greatest common divisor of 11 and r.
11
Let j be (-1*(4 + 1))/(-1). Suppose 12*v - j*v - 49 = 0. Suppose -v*c - 22 = -36. Calculate the greatest common divisor of 6 and c.
2
Suppose -31*k = -39*k + 96. Suppose -k*y + 2*u - 232 = -17*y, -3*u + 228 = 5*y. Calculate the greatest common divisor of 80 and y.
16
Let x be (-3 - 108/(-32))*-54*(-1045 + 45). Calculate the greatest common divisor of 162 and x.
162
Let d(j) = -29*j + 268. Let t = -449 - -457. Let a be d(t). Calculate the greatest common factor of 900 and a.
36
Let b be (-78)/10 - (2/10 - 0). Let c = b + 40. Calculate the highest common divisor of 128 and c.
32
Let s be (-1)/2 + (-1)/(-2). Suppose 2*k - 11 + 1 = s. Suppose g - 7 = -0*m + 3*m, 0 = 3*g + k*m - 7. Calculate the greatest common divisor of 2 and g.
2
Let j be (18/(-30))/(10/(-3600)*9). Let r = 268 + 188. What is the greatest common divisor of j and r?
24
Let b(g) = 3*g**2 + 3*g + 4. Let x be b(-4). Let d be 25/(203/294 - (-12)/84). Calculate the greatest common divisor of d and x.
10
Let w = 44 - 59. Let q = 23 - w. Let l(j) = 6*j - 4. Let t be l(7). Calculate the greatest common divisor of t and q.
38
Let q be -58*(-4)/(-8)*1/(-1). Suppose -30*c + q*c - 109 = 0. Let t = 153 + c. What is the greatest common factor of 11 and t?
11
Let y be (1957/(-57) - -4)*-3. Suppose 7*s = 2*s + 35. What is the greatest common divisor of s and y?
7
Suppose -m = 2*m - 15. Suppose -4*y - 591 = -m*x, x - 2*x = -5*y - 765. Let t = -99 - y. Calculate the greatest common divisor of 5 and t.
5
Let d = 20 - 22. Let j be 0 + (2/d - 1). Let h be 1 - (j/4 + (-26)/4). Calculate the greatest common factor of h and 16.
8
Let b = 713 + -703. Calculate the greatest common divisor of b and 215.
5
Let x = -40 + 66. Let g be ((-4264)/182)/((-4)/56) + 10. What is the greatest common factor of x and g?
26
Suppose -40*i + 36*i - q + 40 = 0, 2*q = -2*i + 8. Calculate the highest common factor of i and 3894.
6
Let x(v) = 153*v + 4293. Let y be x(-28). Calculate the highest common divisor of y and 5061.
3
Let i = 10 - 14. Let d be (31/4)/(i/(-16)). Let c be (-496)/4*(5 - 147/28). Calculate the highest common factor of c and d.
31
Suppose 89*o + 348537 = 1423924. Calculate the highest common factor of 43 and o.
43
Suppose -9*d - 403 = -1582. What is the highest common divisor of 3013 and d?
131
Let u be 427/(-61) + (-1 - -288). Suppose -5*h = 5*z - 185, 5*z + 2*h - 211 = -32. Calculate the highest common divisor of z and u.
35
Let f = 113 + -14. Let b = 122 - f. What is the highest common factor of b and 920?
23
Suppose 0 = 6*c + 1829 + 499. Let z = 719 - c. What is the highest common factor of z and 41?
41
Let z = -2 + 1. Let w(o) = -17*o + 47*o**2 - 25*o + 58*o + 2 - 1 - 17*o. Let r be w(z). What is the greatest common factor of 7 and r?
7
Let x = -2424 - -3075. What is the highest common divisor of 186 and x?
93
Let w = 14 + 3. Let g be -1 + (-68)/238 + 30/7. Suppose 3*i = g*h - 66, 36*i - 34*i - 75 = -5*h. Calculate the greatest common divisor of w and h.
17
Let o = -114 - -116. Suppose 5*b = -a + 72, -2*a - 41 + 5 = -o*b. Calculate the greatest common divisor of b and 60.
15
Let n be 1775/10 + (-3)/2. Let a be (10 - 9)/(553/(-112) + 5). Calculate the highest common divisor of a and n.
16
Suppose -253 + 699 = 17*x + 310. What is the greatest common divisor of x and 298?
2
Let h = -18093 - -18533. Calculate the highest common factor of h and 1056.
88
Suppose -5*u - 87*o = -82*o - 4805, u - 3*o - 993 = 0. Calculate the highest common divisor of u and 684.
57
Suppose -32*h + 21*h = -2013. Suppose m = 5*f - 31 - 209, -4*f - m + h = 0. What is the highest common factor of f and 329?
47
Let k(u) = -3*u**3 + 103*u**2 - 21*u - 64. Let q be k(34). Suppose 68*z - 59*z = q. Calculate the highest common divisor of 42 and z.
42
Let u be ((-66)/(-9))/(4/(-10)*(-150)/90). What is the greatest common factor of u and 10021?
11
Let c = -2 - 4. Let f(s) = -35*s - 314. Let i be f(-9). Let r be (57/9 - 4/c)*i. Calculate the highest common factor of 21 and r.
7
Let b be (-80 - -82)*(-1)/(-2). Let s = -68 - -87. Calculate the highest common factor of b and s.
1
Let y(m) = 10*m**3 - 4*m**2 - 4*m - 14. Let q be y(4). Calculate the highest common divisor of 105 and q.
21
Let t(m) be the first derivative of -23*m**3/3 - m**2/2 - 2*m + 13. Let q be t(-1). Let h = -18 - q. What is the greatest common factor of 4 and h?
2
Suppose 104*n = 98*n + 96. Suppose -3*m + m - 2*x = -6, -n = 4*x. Let w = 4 + -3. What is the highest common factor of w and m?
1
Let w be (-2 - -1)*0/2. Suppose f - k = 22, 5*f + 2*k - k - 122 = w. Calculate the greatest common factor of 636 and f.
12
Suppose 9*o - 48 - 6 = 0. Suppose 183*q - 663 = 166*q. Calculate the greatest common factor of q and o.
3
Suppose 2*x - 3*g = 17, -12 = -x + 4*g + 9. Let s be ((-4)/(-6))/(x/18). Calculate the greatest common factor of s and 16.
4
Let y(m) = m**3 - 77*m**2 - 55*m + 291. Let k be y(78). Calculate the greatest common divisor of k and 30.
15
Let z(g) be the second derivative of g**5/20 + 5*g**4/6 + 5*g**3/6 - 12*g**2 - 30*g. Let c be z(-9). What is the highest common divisor of 126 and c?
6
Let p(f) be the second derivative of 0 + 3/4*f**4 - 2*f**3 + 21*f - 1/20*f**5 + 0*f**2. Let z be p(6). Calculate the highest common divisor of 9 and z.
9
Let u(y) = -97*y - 15. Let o be u(-3). Suppose s = -s + o. Let n be s/7 + (-2)/(-7). Calculate the highest common factor of 40 and n.
20
Suppose 3*j + 215 = 2*q, 2*q - j = -q + 312. Suppose q = 4*d - 3*r - 125, d - r = 56. What is the greatest common factor of d and 15?
15
Let x = -9 - 0. Let o = -1167 + 1181. Let q = x + o. Calculate the greatest common divisor of 40 and q.
5
Let h(l) = 4*l + 41. Let d be h(-10). Let s be 1/((-62)/16 - (-3 - d)). Calculate the highest common divisor of 72 and s.
8
Let o be 468/27 - ((-11)/12 - 7/(-28)). What is the highest common divisor of 19746 and o?
18
Let y = 3192 + -1751. Suppose 5*s = y + 1484. Calculate the greatest common factor of s and 90.
45
Let m = -4819 - -5644. Calculate the highest common factor of 375 and m.
75
Let x(v) = 2*v**2 - 61*v + 272. Let q be x(41). Calculate the highest common divisor of q and 22.
11
Let w(z) = 5*z + 61. Let n be w(-27). Let p = n + 130. Calculate the greatest common divisor of p and 84.
28
Let x = 536 - -10. Let w = 560 - x. What is the highest common factor of w and 350?
14
Suppose -149 = -3*d + 73. Let j = d + -138. Let n = j + 148. Calculate the highest common factor of 126 and n.
42
Let w = 3385 - 1143. Suppose 23*z = w + 794. Calculate the greatest common divisor of z and 60.
12
Let w(n) = -n**3 - 6*n**2 - 6*n + 5. Let a be w(-5). Let z be (-345)/(-25) + 2/a. Let h be 6 - (-18)/9 - -62. Calculate the greatest common divisor of h and z.
14
Let c(q) = -238*q + 108. Let g be c(-12). What is the highest common divisor of g and 78?
78
Let c(s) = -s**2 + 90*s + 142. Let u be c(56). What is the highest common factor of 372 and u?
186
Let w = -57 + 61. Suppose -9 = 7*k - 10*k. Suppose w*x - 289 = -k*a, -3*a - x + 95 = -2*a. What is the highest common factor of 26 and a?
13
Let t(u) = 11 - 368*u + 363*u + 6*u**2 - u**2. Let i be t(-10). Let f = -318 + i. Calculate the greatest common factor of f and 27.
27
Let b = -8980 + 9123. Calculate the highest common factor of b and 572.
143
Let g = 26404 + -25864. Calculate the greatest common factor of 260 and g.
20
Let i = -122 - -208. Let f = -83 + i. What is the greatest common factor of 411 and f?
3
Suppose 178*w - 48024 = 155*w. What is the highest common factor of w and 435?
87
Let w be (27 - 26)*(10 - 0). Let g be (-15)/w + 387/2 + 3. Calculate the highest common divisor of 78 and g.
39
Suppose -4*j - b + 32 = 0, 0 = -4*j - 3*b - 2*b + 16. Suppose -7*u + j*u = -30. Let v = u - -34. What is the greatest common divisor of v and 76?
19
Suppose 42*r - 29*r - 1958 - 3307 = 0. Calculate the greatest common divisor of r and 567.
81
Suppose -4*k + w + 5 = 0, -4*k + 8*w + 13 = 1. Let t = 28 + -1. Calculate the highest common factor of k and t.
1
Suppose 2*k = 3*k - 6*k. Suppose k = 7*r - 9*r + 8